{"id":364,"date":"2018-10-06T21:58:55","date_gmt":"2018-10-06T21:58:55","guid":{"rendered":"https:\/\/viveremmovimento.com.br\/viver\/?page_id=364"},"modified":"2019-02-04T00:25:14","modified_gmt":"2019-02-04T00:25:14","slug":"assessoria-e-formacao","status":"publish","type":"page","link":"https:\/\/viveremmovimento.com.br\/viver\/assessoria-e-formacao\/","title":{"rendered":"Orienta\u00e7\u00e3o e Forma\u00e7\u00e3o"},"content":{"rendered":"<p>&nbsp;<\/p>\n<p>&nbsp;<\/p>\n<h4><strong>Especializada em: Gest\u00e3o de Pessoas, Plano Estrat\u00e9gico&nbsp;da Gest\u00e3o Pedag\u00f3gica e Forma\u00e7\u00e3o Continuada.<\/strong><\/h4>\n<p><a href=\"https:\/\/viveremmovimento.com.br\/viver\/assessoria-e-formacao\/attachment\/2\/\" rel=\"attachment wp-att-379\"><img loading=\"lazy\" decoding=\"async\" class=\"aligncenter wp-image-379\" src=\"https:\/\/viveremmovimento.com.br\/viver\/wp-content\/uploads\/2018\/10\/2.jpg\" alt=\"\" width=\"656\" height=\"257\" srcset=\"https:\/\/viveremmovimento.com.br\/viver\/wp-content\/uploads\/2018\/10\/2.jpg 1346w, https:\/\/viveremmovimento.com.br\/viver\/wp-content\/uploads\/2018\/10\/2-300x117.jpg 300w, https:\/\/viveremmovimento.com.br\/viver\/wp-content\/uploads\/2018\/10\/2-768x301.jpg 768w, https:\/\/viveremmovimento.com.br\/viver\/wp-content\/uploads\/2018\/10\/2-1024x401.jpg 1024w\" sizes=\"auto, (max-width: 656px) 100vw, 656px\" \/><\/a><\/p>\n<p>&nbsp;<\/p>\n<p><strong>Quem Somos?<\/strong><\/p>\n<p>Empresa de consultoria e assessoria que aprimora pessoas e desenvolve processos para a melhoria da produtividade e de avan\u00e7os educacionais mediante \u00e0s constantes mudan\u00e7as que regem as estruturas contempor\u00e2neas da sociedade.<\/p>\n<p><strong>O que fazemos?<\/strong><\/p>\n<p>Consultoria | Assessoria | Forma\u00e7\u00e3o Continuada |&nbsp;Constru\u00e7\u00e3o de Id\u00e9ias Criativas<\/p>\n<p>&nbsp;<\/p>\n<p><strong>Aquilo que nos diferencia:<\/strong><\/p>\n<p><a href=\"https:\/\/viveremmovimento.com.br\/viver\/assessoria-e-formacao\/attachment\/3\/\" rel=\"attachment wp-att-380\"><img loading=\"lazy\" decoding=\"async\" class=\"aligncenter wp-image-380\" src=\"https:\/\/viveremmovimento.com.br\/viver\/wp-content\/uploads\/2018\/10\/3.png\" alt=\"\" width=\"677\" height=\"119\" srcset=\"https:\/\/viveremmovimento.com.br\/viver\/wp-content\/uploads\/2018\/10\/3.png 3624w, https:\/\/viveremmovimento.com.br\/viver\/wp-content\/uploads\/2018\/10\/3-300x53.png 300w, https:\/\/viveremmovimento.com.br\/viver\/wp-content\/uploads\/2018\/10\/3-768x135.png 768w, https:\/\/viveremmovimento.com.br\/viver\/wp-content\/uploads\/2018\/10\/3-1024x180.png 1024w\" sizes=\"auto, (max-width: 677px) 100vw, 677px\" \/><\/a><\/p>\n<p>&nbsp;<\/p>\n<p><strong>Constru\u00e7\u00e3o Passo a Passo<\/strong><\/p>\n<p><a href=\"https:\/\/viveremmovimento.com.br\/viver\/assessoria-e-formacao\/attachment\/4\/\" rel=\"attachment wp-att-381\"><img loading=\"lazy\" decoding=\"async\" class=\"aligncenter wp-image-381\" src=\"https:\/\/viveremmovimento.com.br\/viver\/wp-content\/uploads\/2018\/10\/4.png\" alt=\"\" width=\"671\" height=\"384\" srcset=\"https:\/\/viveremmovimento.com.br\/viver\/wp-content\/uploads\/2018\/10\/4.png 1327w, https:\/\/viveremmovimento.com.br\/viver\/wp-content\/uploads\/2018\/10\/4-300x172.png 300w, https:\/\/viveremmovimento.com.br\/viver\/wp-content\/uploads\/2018\/10\/4-768x439.png 768w, https:\/\/viveremmovimento.com.br\/viver\/wp-content\/uploads\/2018\/10\/4-1024x586.png 1024w\" sizes=\"auto, (max-width: 671px) 100vw, 671px\" \/><\/a><\/p>\n<p>&nbsp;<\/p>\n<p><span style=\"color: #808080;\"><strong>\u00c1reas atuantes &#8211; consultoria e assessoria:<\/strong><\/span><\/p>\n<p><strong>A\u00e7\u00f5es para a Secretaria de Educa\u00e7\u00e3o:<\/strong><\/p>\n<ul>\n<li>Gest\u00e3o da Secretaria Municipal de Educa\u00e7\u00e3o<\/li>\n<li>Sistema Municipal de Educa\u00e7\u00e3o<\/li>\n<li>Regimento Escolar<\/li>\n<li>Conselho Escolar<\/li>\n<li>BNCC<\/li>\n<li>PPP da Escola<\/li>\n<li>Curr\u00edculo do Munic\u00edpio<\/li>\n<li>Forma\u00e7\u00e3o Continuada personalizada para:<\/li>\n<li>Equipe t\u00e9cnica da secretaria, Gestores,<\/li>\n<li>Docentes e Profissionais da Educa\u00e7\u00e3o<\/li>\n<li>Diagn\u00f3stico, planejamento e execu\u00e7\u00e3o de palestras e workshops<\/li>\n<\/ul>\n<p><strong>Projetos para as institui\u00e7\u00f5es (Educa\u00e7\u00e3o Infantil e Fundamental):<\/strong><\/p>\n<ul>\n<li>Avalia\u00e7\u00e3o Institucional (aplica\u00e7\u00e3o, resultados e a\u00e7\u00f5es corretivas)<\/li>\n<li>Gest\u00e3o de Sala de Aula<\/li>\n<li>A Psicopedagogia na Escola<\/li>\n<li>PEI \u2013 Plano de Ensino Individualizado<\/li>\n<li>Inclus\u00e3o<\/li>\n<li>Valores na Escola<\/li>\n<li>Literatura \u2013 Projetos de Leitura<\/li>\n<li>Metodologias Ativas de Aprendizagem<\/li>\n<li>Tecnologia Educacional<\/li>\n<li>Estrat\u00e9gias de implementa\u00e7\u00e3o do digital<\/li>\n<li>Habilidades digitais na BNCC<\/li>\n<\/ul>\n<p><strong>Viver em Movimento | Psicomotricidade no dia a dia<\/strong><\/p>\n<ul>\n<li>Encaminhamento Metodol\u00f3gico<\/li>\n<li>Assessoria Pedag\u00f3gica<\/li>\n<li>Material de Apoio.<\/li>\n<\/ul>\n","protected":false},"excerpt":{"rendered":"<p>&nbsp; &nbsp; Especializada em: Gest\u00e3o de Pessoas, Plano Estrat\u00e9gico&nbsp;da Gest\u00e3o Pedag\u00f3gica e Forma\u00e7\u00e3o Continuada. &nbsp; Quem Somos? Empresa de consultoria e assessoria que aprimora pessoas e desenvolve processos para a melhoria da produtividade e de avan\u00e7os educacionais mediante \u00e0s constantes mudan\u00e7as que regem as estruturas contempor\u00e2neas da sociedade. O que fazemos? Consultoria | Assessoria | <a href=\"https:\/\/viveremmovimento.com.br\/viver\/assessoria-e-formacao\/\" rel=\"nofollow\"><span class=\"sr-only\">Leia mais sobreOrienta\u00e7\u00e3o e Forma\u00e7\u00e3o<\/span>[&hellip;]<\/a><\/p>\n","protected":false},"author":1,"featured_media":369,"parent":0,"menu_order":0,"comment_status":"closed","ping_status":"closed","template":"","meta":{"_eb_attr":"","ngg_post_thumbnail":0,"_themeisle_gutenberg_block_has_review":false,"footnotes":""},"class_list":["post-364","page","type-page","status-publish","has-post-thumbnail","hentry"],"_links":{"self":[{"href":"https:\/\/viveremmovimento.com.br\/viver\/wp-json\/wp\/v2\/pages\/364","targetHints":{"allow":["GET"]}}],"collection":[{"href":"https:\/\/viveremmovimento.com.br\/viver\/wp-json\/wp\/v2\/pages"}],"about":[{"href":"https:\/\/viveremmovimento.com.br\/viver\/wp-json\/wp\/v2\/types\/page"}],"author":[{"embeddable":true,"href":"https:\/\/viveremmovimento.com.br\/viver\/wp-json\/wp\/v2\/users\/1"}],"replies":[{"embeddable":true,"href":"https:\/\/viveremmovimento.com.br\/viver\/wp-json\/wp\/v2\/comments?post=364"}],"version-history":[{"count":7,"href":"https:\/\/viveremmovimento.com.br\/viver\/wp-json\/wp\/v2\/pages\/364\/revisions"}],"predecessor-version":[{"id":452,"href":"https:\/\/viveremmovimento.com.br\/viver\/wp-json\/wp\/v2\/pages\/364\/revisions\/452"}],"wp:featuredmedia":[{"embeddable":true,"href":"https:\/\/viveremmovimento.com.br\/viver\/wp-json\/wp\/v2\/media\/369"}],"wp:attachment":[{"href":"https:\/\/viveremmovimento.com.br\/viver\/wp-json\/wp\/v2\/media?parent=364"}],"curies":[{"name":"wp","href":"https:\/\/api.w.org\/{rel}","templated":true}]}}