{"id":32,"date":"2016-07-21T15:22:01","date_gmt":"2016-07-21T15:22:01","guid":{"rendered":"https:\/\/viveremmovimento.com.br\/viver\/?page_id=32"},"modified":"2019-12-22T20:53:40","modified_gmt":"2019-12-22T20:53:40","slug":"educacao-infantil","status":"publish","type":"page","link":"https:\/\/viveremmovimento.com.br\/viver\/viver-em-movimento\/educacao-infantil\/","title":{"rendered":"Educa\u00e7\u00e3o Infantil"},"content":{"rendered":"<p><img loading=\"lazy\" decoding=\"async\" class=\"aligncenter wp-image-124 size-full\" src=\"https:\/\/viveremmovimento.com.br\/viver\/wp-content\/uploads\/2016\/07\/bannerinfantil.jpg\" alt=\"AJR Interativa | Educa\u00e7\u00e3o Infantil\" width=\"1024\" height=\"225\" srcset=\"https:\/\/viveremmovimento.com.br\/viver\/wp-content\/uploads\/2016\/07\/bannerinfantil.jpg 1024w, https:\/\/viveremmovimento.com.br\/viver\/wp-content\/uploads\/2016\/07\/bannerinfantil-300x66.jpg 300w, https:\/\/viveremmovimento.com.br\/viver\/wp-content\/uploads\/2016\/07\/bannerinfantil-768x169.jpg 768w\" sizes=\"auto, (max-width: 1024px) 100vw, 1024px\" \/><\/p>\n<p>Quando se pensa em Educa\u00e7\u00e3o F\u00edsica, instintivamente passa-se a imaginar e a programar jogos, exerc\u00edcios f\u00edsicos e competi\u00e7\u00f5es. Mas o processo de ensino-aprendizagem nessa disciplina, principalmente ao se tratar das s\u00e9ries iniciais da crian\u00e7a, n\u00e3o pode se restringir apenas \u00e0 demonstra\u00e7\u00e3o de certas habilidades e destrezas, promovidos por tais atividades. Com base nessa perspectiva, deve-se propiciar uma diversidade de temas de estudo respeitando as diferentes fases do desenvolvimento dos alunos, os quais incluem:<\/p>\n<ul>\n<li>Reconhecimento Corporal;<\/li>\n<li>Expressividade;<\/li>\n<li>Representa\u00e7\u00e3o Simb\u00f3lica;<\/li>\n<li>Movimentos Naturais Imitativos;<\/li>\n<li>Equil\u00edbrio;<\/li>\n<li>Coordena\u00e7\u00e3o Motora Ampla;<\/li>\n<li>Coordena\u00e7\u00e3o Motora Fina;<\/li>\n<li>Jogos Motores;<\/li>\n<li>Jogos Motores com Materiais Alternativos;<\/li>\n<li>Brinquedos Cantados e Atividades R\u00edtmicas;<\/li>\n<li>Memoriza\u00e7\u00e3o;<\/li>\n<li>Lateralidade;<\/li>\n<li>Orienta\u00e7\u00e3o Espacial e Temporal;<\/li>\n<li>Imagina\u00e7\u00e3o e Criatividade;<\/li>\n<li>Qualidade de Vida;<\/li>\n<li>Jogos Motores com Corda, Bola e Arco;<\/li>\n<li>Atividades Recreativas.<\/li>\n<\/ul>\n<h6>Planejando a aula de Educa\u00e7\u00e3o F\u00edsica<\/h6>\n<h6>Sistema de Avalia\u00e7\u00e3o<\/h6>\n<h6>Caracter\u00edsticas do processo avaliativo<\/h6>\n<p>&nbsp;<\/p>\n<p><a href=\"https:\/\/forms.gle\/E349SkHdSr7uWhQ27\" target=\"_blank\" rel=\"noopener noreferrer\"><img loading=\"lazy\" decoding=\"async\" class=\"aligncenter size-full wp-image-467\" src=\"https:\/\/viveremmovimento.com.br\/viver\/wp-content\/uploads\/2019\/02\/orcamento.png\" alt=\"\" width=\"230\" height=\"89\"><\/a><\/p>\n<p>&nbsp;<\/p>\n\n\n<p><\/p>\n","protected":false},"excerpt":{"rendered":"<p>Quando se pensa em Educa\u00e7\u00e3o F\u00edsica, instintivamente passa-se a imaginar e a programar jogos, exerc\u00edcios f\u00edsicos e competi\u00e7\u00f5es. Mas o processo de ensino-aprendizagem nessa disciplina, principalmente ao se tratar das s\u00e9ries iniciais da crian\u00e7a, n\u00e3o pode se restringir apenas \u00e0 demonstra\u00e7\u00e3o de certas habilidades e destrezas, promovidos por tais atividades. Com base nessa perspectiva, deve-se <a href=\"https:\/\/viveremmovimento.com.br\/viver\/viver-em-movimento\/educacao-infantil\/\" rel=\"nofollow\"><span class=\"sr-only\">Leia mais sobreEduca\u00e7\u00e3o Infantil<\/span>[&hellip;]<\/a><\/p>\n","protected":false},"author":1,"featured_media":0,"parent":5,"menu_order":0,"comment_status":"closed","ping_status":"closed","template":"","meta":{"_eb_attr":"","ngg_post_thumbnail":0,"_themeisle_gutenberg_block_has_review":false,"footnotes":""},"class_list":["post-32","page","type-page","status-publish","hentry"],"_links":{"self":[{"href":"https:\/\/viveremmovimento.com.br\/viver\/wp-json\/wp\/v2\/pages\/32","targetHints":{"allow":["GET"]}}],"collection":[{"href":"https:\/\/viveremmovimento.com.br\/viver\/wp-json\/wp\/v2\/pages"}],"about":[{"href":"https:\/\/viveremmovimento.com.br\/viver\/wp-json\/wp\/v2\/types\/page"}],"author":[{"embeddable":true,"href":"https:\/\/viveremmovimento.com.br\/viver\/wp-json\/wp\/v2\/users\/1"}],"replies":[{"embeddable":true,"href":"https:\/\/viveremmovimento.com.br\/viver\/wp-json\/wp\/v2\/comments?post=32"}],"version-history":[{"count":15,"href":"https:\/\/viveremmovimento.com.br\/viver\/wp-json\/wp\/v2\/pages\/32\/revisions"}],"predecessor-version":[{"id":671,"href":"https:\/\/viveremmovimento.com.br\/viver\/wp-json\/wp\/v2\/pages\/32\/revisions\/671"}],"up":[{"embeddable":true,"href":"https:\/\/viveremmovimento.com.br\/viver\/wp-json\/wp\/v2\/pages\/5"}],"wp:attachment":[{"href":"https:\/\/viveremmovimento.com.br\/viver\/wp-json\/wp\/v2\/media?parent=32"}],"curies":[{"name":"wp","href":"https:\/\/api.w.org\/{rel}","templated":true}]}}