{"id":2,"date":"2016-07-13T15:51:08","date_gmt":"2016-07-13T15:51:08","guid":{"rendered":"https:\/\/viveremmovimento.com.br\/viver\/?page_id=2"},"modified":"2019-02-04T12:38:41","modified_gmt":"2019-02-04T12:38:41","slug":"quem-somos","status":"publish","type":"page","link":"https:\/\/viveremmovimento.com.br\/viver\/quem-somos\/","title":{"rendered":"Quem Somos"},"content":{"rendered":"<p>Somos uma empresa de servi\u00e7os de consultoria e desenvolvimento humano cujo prop\u00f3sito \u00e9 desenvolver, produzir e promover cursos de treinamento profissional, desenvolvimento pessoal, capacita\u00e7\u00e3o, programas educacionais e linhas de produtos relacionados. N\u00f3s nos empenhamos em apoiar organiza\u00e7\u00f5es e pessoas fazendo de seus objetivos, sonhos e vis\u00f5es uma realidade.<\/p>\n<p>A <strong>Viver em Movimento<\/strong> atua com produtos pedag\u00f3gicos, treinamento, capacita\u00e7\u00e3o e representa\u00e7\u00e3o comercial no segmento educacional.<\/p>\n<p>Para a <strong>Viver em Movimento<\/strong>, educa\u00e7\u00e3o de qualidade sempre foi primordial para o desenvolvimento do Brasil. Por meio de institui\u00e7\u00f5es que atuam na \u00e1rea desenvolvendo solu\u00e7\u00f5es educacionais, um n\u00famero cada vez maior de alunos e professores da rede p\u00fablica e privada de ensino participa dos nossos projetos e programas, os quais sempre focam o desenvolvimento e a qualidade da educa\u00e7\u00e3o no Brasil.<\/p>\n<h5><strong>Nossa Vis\u00e3o:<\/strong><\/h5>\n<p>Ser reconhecida como uma empresa comprometida com o desenvolvimento da educa\u00e7\u00e3o brasileira.<\/p>\n<h5><strong>Nossa Miss\u00e3o:<\/strong><\/h5>\n<p>Democratizar o acesso ao conhecimento e as novas tecnologias educacionais.<\/p>\n<h5><strong>Nosso Neg\u00f3cio:<\/strong><\/h5>\n<p>Produtos pedag\u00f3gicos, treinamento e capacita\u00e7\u00e3o no segmento educacional.<\/p>\n<h5><strong>Nossos Valores:<\/strong><\/h5>\n<p>Seriedade, compet\u00eancia e comprometimento com a educa\u00e7\u00e3o.<\/p>\n","protected":false},"excerpt":{"rendered":"<p>Somos uma empresa de servi\u00e7os de consultoria e desenvolvimento humano cujo prop\u00f3sito \u00e9 desenvolver, produzir e promover cursos de treinamento profissional, desenvolvimento pessoal, capacita\u00e7\u00e3o, programas educacionais e linhas de produtos relacionados. N\u00f3s nos empenhamos em apoiar organiza\u00e7\u00f5es e pessoas fazendo de seus objetivos, sonhos e vis\u00f5es uma realidade. A Viver em Movimento atua com produtos <a href=\"https:\/\/viveremmovimento.com.br\/viver\/quem-somos\/\" rel=\"nofollow\"><span class=\"sr-only\">Leia mais sobreQuem Somos<\/span>[&hellip;]<\/a><\/p>\n","protected":false},"author":1,"featured_media":0,"parent":0,"menu_order":0,"comment_status":"closed","ping_status":"open","template":"","meta":{"_eb_attr":"","ngg_post_thumbnail":0,"_themeisle_gutenberg_block_has_review":false,"footnotes":""},"class_list":["post-2","page","type-page","status-publish","hentry"],"_links":{"self":[{"href":"https:\/\/viveremmovimento.com.br\/viver\/wp-json\/wp\/v2\/pages\/2","targetHints":{"allow":["GET"]}}],"collection":[{"href":"https:\/\/viveremmovimento.com.br\/viver\/wp-json\/wp\/v2\/pages"}],"about":[{"href":"https:\/\/viveremmovimento.com.br\/viver\/wp-json\/wp\/v2\/types\/page"}],"author":[{"embeddable":true,"href":"https:\/\/viveremmovimento.com.br\/viver\/wp-json\/wp\/v2\/users\/1"}],"replies":[{"embeddable":true,"href":"https:\/\/viveremmovimento.com.br\/viver\/wp-json\/wp\/v2\/comments?post=2"}],"version-history":[{"count":4,"href":"https:\/\/viveremmovimento.com.br\/viver\/wp-json\/wp\/v2\/pages\/2\/revisions"}],"predecessor-version":[{"id":407,"href":"https:\/\/viveremmovimento.com.br\/viver\/wp-json\/wp\/v2\/pages\/2\/revisions\/407"}],"wp:attachment":[{"href":"https:\/\/viveremmovimento.com.br\/viver\/wp-json\/wp\/v2\/media?parent=2"}],"curies":[{"name":"wp","href":"https:\/\/api.w.org\/{rel}","templated":true}]}}